
Let r be 13/(-11) + (-6)/(-33). Let l(o) = 3*o - 4. Let f(n) = -7*n + 11. Let i(u) = -4*f(u) - 11*l(u). Calculate i(r).
5
Let q(w) = -47*w + 284. Let k be q(6). Let v(j) be the second derivative of 0 - 3*j + 5/6*j**3 + j**k + 1/20*j**5 + 1/2*j**4. What is v(-5)?
2
Let s(p) = p**2 - 26. Suppose -6 = j - 3*f, 17*f - 18 = 3*j + 14*f. Calculate s(j).
10
Let u(b) be the first derivative of -b**5/40 + 3*b**4/8 - 4*b**3/3 - b**2 - 5. Let j(a) be the third derivative of u(a). Determine j(8).
-15
Suppose 0 = 11*g + 3*g - 140. Let v(z) = z**2 - 10*z + 4. Calculate v(g).
4
Let c(a) = 19*a + 8. Let u(s) = 21*s + 9. Let o(i) = 4*c(i) - 3*u(i). Determine o(-4).
-47
Let x(t) = -6*t + 2 + 2*t + 0*t**2 + t**2. Suppose 14 - 26 = -2*n. Let a(m) = m**3 - 6*m**2 + 2*m - 8. Let r be a(n). Calculate x(r).
2
Let w(o) be the first derivative of o**3 + 3*o**2/2 + 479. Suppose -5*t = -3*t, 2*r + 4 = t. What is w(r)?
6
Let u(o) = 5*o**3 - o**2 - o + 1. Let g be 21/7 - (-1 + -1). Let c(x) = -11*x + 5*x + 1 - 2*x**2 + 3*x**2 + x. Let q be c(g). Calculate u(q).
4
Let h(v) be the third derivative of -v**6/120 + 11*v**5/60 - 11*v**4/24 + 5*v**3/6 - 12*v**2. Let c be h(10). Let t(n) = -n**2 - 3*n - 6. Determine t(c).
-16
Let v(u) = u**3 + 14*u**2 + u + 7. Let l be v(-14). Let j(i) be the third derivative of i**5/60 + i**4/3 + 3*i**3/2 + i**2. Give j(l).
2
Let u(m) be the third derivative of m**4/12 + m**3/6 + m**2. Let c(s) be the first derivative of s**2 - 7*s - 10. Let l be c(4). Give u(l).
3
Suppose 2*y - 3*b = -21, -6*b + b = 5*y - 10. Let w(f) = f**2 + 306*f - 307*f - 2 + 1. Determine w(y).
11
Let m(q) = -q - 5. Let x = -37 + 26. Let h be (5/2)/(x/(-22)). Suppose h*y = -4*b - 26 + 6, -12 = 3*y. What is m(b)?
-5
Let a(f) = -3*f - 4. Let p(r) = -5*r - 6. Let t(s) = -8*a(s) + 5*p(s). Let x = -9 - -5. Let b = 9 + x. What is t(b)?
-3
Let o(y) = y**2 - 18*y + 76. Let r be o(6). Let x(l) be the third derivative of l**2 + 0 + 1/6*l**4 - 1/60*l**5 + 0*l + 0*l**3. What is x(r)?
0
Let g(p) = -3*p**2 + 17*p - 3. Let l(h) = h**2 - 8*h + 2. Let f(v) = -2*g(v) - 5*l(v). Determine f(-6).
-4
Let l(k) = -2*k + 2. Let m(r) = -2*r - 7. Let x be m(-8). What is l(x)?
-16
Suppose 5*p - 10 = -0*p, -4*p = 2*x - 84. Let f(b) = 3 + x*b + 34*b - 107*b + 33*b. Determine f(-6).
15
Let k(v) be the second derivative of -v**3/2 + 5*v**2/2 - 5*v. Suppose -11*j + 6*j + 35 = 5*q, 2*j - 5*q = 7. What is k(j)?
-13
Let v be 10 + (-3 + 2 - 1). Let z(h) = -h + 3. Calculate z(v).
-5
Suppose -2*d + 1 + 7 = 0. Let p(g) be the first derivative of -5*g - 34 + 1/2*g**2. What is p(d)?
-1
Let d(f) = -8*f**3 + 3*f**2 + 6*f + 3. Let x(o) = -7*o**3 + 2*o**2 + 5*o + 2. Let s(m) = -6*d(m) + 7*x(m). Give s(-4).
0
Let a(j) = 62*j**2 - 2 + 3*j + j**3 - 4*j - 64*j**2. Let h be ((-18)/4)/(12/(-16)). Suppose n + 2*n = h. Calculate a(n).
-4
Let p(j) = 3*j - 26. Let h(u) = u**2 - 13*u - 19. Let w be h(15). Determine p(w).
7
Let v(p) = 9*p**3 - 5*p**2 - 5*p + 11. Let r(z) = 28*z**3 - 14*z**2 - 14*z + 29. Let u(g) = -3*r(g) + 8*v(g). Suppose -5*c - 7 = f + f, -3*c = f + 4. Give u(f).
13
Let d(i) be the third derivative of i**4/8 - i**3/3 + i**2 - 227. Let q be 2/(-3)*(3 + 0). Give d(q).
-8
Let x(a) = 5*a + 103. Let f be x(-19). Let h(b) = b**3 - 9*b**2 + 7*b + 10. Calculate h(f).
2
Suppose 17*f = 19*f - 14. Let u(n) = -5*n - 9. Let b(l) = -11*l - 18. Let h(y) = 6*b(y) - 13*u(y). What is h(f)?
2
Let l(m) = m - 4. Let i(x) = x**2 - 8*x + 10. Let r be i(8). Suppose r = -4*d - u - u, 4 = 4*u. Determine l(d).
-7
Let r be 3/(-15) - (-26)/5. Let q(j) be the first derivative of -j**2/2 - j - 2. Let m(l) = -6*l + 6. Let b(p) = -m(p) + 5*q(p). What is b(r)?
-6
Let g(u) = -u**3 + 7*u**2 + 2. Let d be g(7). Let o(t) = -2 - 4*t**3 - d + 3*t**3 + t + 9*t**2 - 2*t**2. Calculate o(7).
3
Let a(f) = f**2 + 7*f + 12. Let x be a(-5). Let l(c) = -2*c**x - 15*c**3 - 2 - 13*c**3 + 29*c**3. Calculate l(2).
-2
Let z(v) = -7. Let c(u) be the first derivative of -u**2/2 - 7. Let h(b) = 2*c(b) + z(b). Calculate h(-5).
3
Let b(z) be the second derivative of z**4/12 + z**3/6 - 2*z**2 + 20*z - 2. Give b(-4).
8
Let c(p) be the second derivative of 11*p**3/6 + 3*p**2/2 - 136*p - 1. What is c(-1)?
-8
Let q(o) = -7*o + 32. Let u(h) = -4*h + 17. Let k(b) = -6*q(b) + 11*u(b). Let p be (3/2)/((-2)/4). Let v = p + 7. Determine k(v).
-13
Let p(s) = 2*s**2 + s + 7. Let n(c) = -2*c**2 - c - 6. Let x(a) = -4*n(a) - 5*p(a). Determine x(0).
-11
Let g = -1683 - -1683. Let u(z) = -z**3 + z**2 + 3*z. Determine u(g).
0
Let t be 1 + -2 - (0 + -1). Let p(x) = 3*x**2 - 23*x + 10*x + 2*x + 10*x - 6. Let c(a) = a**2 + 1. Let y(r) = -4*c(r) + p(r). Calculate y(t).
-10
Let d(v) = -v**3 - 13 - 4*v**2 + 3*v**2 + 11*v + 10*v**2. Suppose -5*z = -2*z - 30. Calculate d(z).
-3
Let r = -21 - -24. Let j(v) = v**3 - 2*v**2 - v. Let y be j(r). Let z(c) = c**2 - 7*c - 3. What is z(y)?
-9
Let w = -30 + 34. Let z(x) = -4*x**3 + 3*x**2 + x**3 - 2 - w*x + 0*x**3 + 4*x**3. Give z(-4).
-2
Let p(c) = -c**3 + 6*c**2 - 18. Suppose -95*v + 410 = -13*v. What is p(v)?
7
Let o(h) be the first derivative of -h**2/2 - 4*h - 168. Give o(3).
-7
Let y(j) be the third derivative of -j**5/30 - j**4/8 + j**3/3 - j**2. Suppose 18*r - 29 = -83. What is y(r)?
-7
Suppose 3*h = 205 - 193. Let u(a) = a + 13. Let s be u(-9). Let g(z) = 4 - z**2 - s*z + 3*z**2 - z**2. Give g(h).
4
Let x = -20 - -18. Let k(t) = 2*t - 1. Let o(b) = b. Let g(m) = k(m) - 3*o(m). What is g(x)?
1
Let v(t) = -t**3 + 23*t**2 - 23*t + 23. Let i be v(22). Let c(k) = 3*k**2 - 1. Let g be c(1). Let h(p) = 0*p + 0*p**g + 10*p**3 + 0*p + p**2. Give h(i).
11
Let x(f) = f**3 - 2*f**2 + 4*f - 3. Let t be x(2). Suppose -6*g = -t*g. Let m(d) = 3*d + g*d - 4*d - 5 + 4. Calculate m(-6).
5
Let b = 716 + -711. Let w(i) = i**2 - 7*i + 6. Give w(b).
-4
Let q(i) = i - 2. Let c be (-3)/7 - 600/(-28). Let t(n) = -3*n + 65. Let h be t(c). What is q(h)?
0
Let d(p) = 13. Let z(a) = 28. Let n(x) = 5*d(x) - 2*z(x). Let j(y) = -y - 10. Let i(o) = 4*j(o) + 5*n(o). Determine i(4).
-11
Let o(i) be the third derivative of 17*i**7/5040 - 19*i**5/60 - 2*i**2. Let x(j) be the third derivative of o(j). Determine x(-1).
-17
Let q(r) = 5*r - 5. Suppose -83*j + 85*j - 10 = 0. Determine q(j).
20
Let o(i) = -i**3 - i**2 + i + 2. Suppose 5*w + 5 = 5*c, -4*w + 3*c - 6*c + 3 = 0. Determine o(w).
2
Let g(l) = 2*l**2 - 2*l + 2. Let d be g(7). Let x(y) = -2*y + 40 - d + 46 + 2*y**2. Determine x(3).
12
Let t(q) be the third derivative of -5*q**4/24 + 4*q**2. Let r(l) = 7*l**2 + 4*l + 1. Let v be r(-1). Determine t(v).
-20
Let z(l) = -l**3 + 5*l**2 - 7*l + 30. Let u be z(5). Let p(x) = -x**3 - 7*x**2 - 5*x - 4. Determine p(u).
-29
Let w(g) = -g**2 + 3*g + 3. Let v be 3/(-3 - 72/(-20)). Suppose 2 = -3*d + v*d. Suppose 1 = -s - d. What is w(s)?
-7
Suppose -3 = p + 6. Let j(f) = -11*f**2 - 4*f - 3. Let g(t) = 5*t**2 + 2*t + 1. Let z(k) = p*g(k) - 4*j(k). Let s be ((-12)/10)/((-2)/(-5)). Determine z(s).
0
Let j(q) = -q**2 - 2*q - 2. Suppose -92 = -3*z + 46. Let s = 44 - z. Give j(s).
-2
Suppose 0 = 13*s - 281 + 60. Let h(x) = -x + 35. Determine h(s).
18
Suppose -6*u + 2*u - n + 14 = 0, -5*n = -10. Let k(m) be the first derivative of 5*m + u*m - 3*m**2 + 2*m - 9*m + 5. Give k(1).
-5
Let z(j) = j**3 + 20*j**2 - 1. Let l be z(-20). Let f(m) = -3*m**3 - m. Determine f(l).
4
Let b(o) = 3*o - 4*o + 7*o - 4 - 4*o. Suppose 43*c - 26 = 39*c - 5*u, -3*c + 4 = -4*u. What is b(c)?
4
Let m(c) = 2*c**3 + 2*c**2 - 9*c - 2. Let n(u) = -5*u**3 - 4*u**2 + 25*u + 6. Let i(s) = 8*m(s) + 3*n(s). Let y(r) = r**2 + 6*r + 1. Let o be y(-5). Give i(o).
-10
Let k(h) = -h + 1. Let v(b) = -b**3 + 12*b**2 - 22*b + 26. Let q be v(10). Give k(q).
-5
Let b(m) = m**2 + m + 1. Let l(v) = 5*v**2 + 14*v - 4. Suppose 19 - 7 = -3*x. Let r(i) = x*b(i) + l(i). Calculate r(-10).
-8
Let j = -11 + 11. Suppose -4*o - s + 0 = 1, 4*s - 12 = j. Let h(p) = -2*p**3 - 2*p**2 - 2*p - 1. Let n be h(o). Let x(q) = q**3. Give x(n).
1
Let n = -8 - -2. Let k(s) = 6*s**3 + 17*s**2 + 4*s - 20. Let v(j) = j**3 + 2*j**2 - 3. Let y(o) = k(o) - 5*v(o). What is y(n)?
7
Let s(d) = 4*d - 1. Let p(u) be the third derivative of -u**4/24 + 10*u**2. Let l(m) = 5*p(m) + s(m). Give l(2).
-3
Let v(z) = -z**2 - z**2 - 3*z - 11 + 18 + 5*z**2 - z**3. What is v(3)?
-2
Let 